ist the prime factors of 489555710.
2, 5, 7, 19, 19373
List the prime factors of 25160010.
2, 3, 5, 838667
List the prime factors of 525447003.
3, 175149001
What are the prime factors of 55396952?
2, 13, 532663
List the prime factors of 5049034296.
2, 3, 210376429
List the prime factors of 86347870.
2, 5, 7, 43, 28687
List the prime factors of 325147323.
3, 19, 5704339
List the prime factors of 230548654.
2, 7, 311, 52951
List the prime factors of 2947188698.
2, 11491, 128239
List the prime factors of 131538291.
3, 41, 727, 1471
List the prime factors of 26743692.
2, 3, 409, 5449
List the prime factors of 67657403.
11, 97, 63409
What are the prime factors of 360095937?
3, 120031979
What are the prime factors of 133943025?
3, 5, 29, 61583
What are the prime factors of 120410229?
3, 109, 368227
List the prime factors of 13858353.
3, 19, 81043
List the prime factors of 9071039.
23, 394393
What are the prime factors of 2114600512?
2, 33040633
What are the prime factors of 83149538?
2, 41574769
What are the prime factors of 1130428?
2, 13, 21739
List the prime factors of 27055771.
73, 457, 811
What are the prime factors of 141009620?
2, 5, 277, 25453
List the prime factors of 2476832385.
3, 5, 11197, 14747
List the prime factors of 1818683423.
281, 379, 17077
What are the prime factors of 348173490?
2, 3, 5, 7, 977, 1697
What are the prime factors of 6923778408?
2, 3, 96163589
What are the prime factors of 253591799?
253591799
What are the prime factors of 78367889?
29, 523, 5167
List the prime factors of 3797326629.
3, 73, 743, 2593
What are the prime factors of 5344916?
2, 1336229
List the prime factors of 3940769247.
3, 1313589749
List the prime factors of 20105884.
2, 1949, 2579
List the prime factors of 396425215.
5, 19, 29, 37, 3889
List the prime factors of 27201154.
2, 2389, 5693
List the prime factors of 257373282.
2, 3, 269, 159463
List the prime factors of 122321000.
2, 5, 122321
List the prime factors of 103919587.
7417, 14011
List the prime factors of 72066624.
2, 3, 7, 29, 43
List the prime factors of 377051074.
2, 7039, 26783
What are the prime factors of 156241703?
1039, 150377
List the prime factors of 4597224780.
2, 3, 5, 179, 428047
List the prime factors of 325397781.
3, 19, 233, 8167
What are the prime factors of 111971977?
13, 8613229
What are the prime factors of 2049561044?
2, 512390261
List the prime factors of 479352569.
479352569
What are the prime factors of 32398804?
2, 17, 523, 911
List the prime factors of 11375540.
2, 5, 11, 29, 1783
What are the prime factors of 128300137?
7, 18328591
What are the prime factors of 1274948611?
1289, 989099
List the prime factors of 2629076415.
3, 5, 7, 41, 610703
What are the prime factors of 368512226?
2, 184256113
What are the prime factors of 2779422487?
2779422487
What are the prime factors of 122847529?
7, 877, 20011
List the prime factors of 171490477.
2161, 79357
What are the prime factors of 9047173?
19, 476167
What are the prime factors of 725541826?
2, 362770913
List the prime factors of 189349521.
3, 41, 37547
List the prime factors of 131602091.
101, 1302991
What are the prime factors of 568257593?
16561, 34313
List the prime factors of 12578045.
5, 17, 147977
What are the prime factors of 20185815?
3, 5, 13, 61, 1697
What are the prime factors of 439838306?
2, 863, 254831
What are the prime factors of 994955186?
2, 497477593
List the prime factors of 2453118832.
2, 153319927
List the prime factors of 45714426.
2, 3, 41, 185831
List the prime factors of 24235199.
24235199
List the prime factors of 2047954156.
2, 12809, 39971
List the prime factors of 260194140.
2, 3, 5, 151, 3191
List the prime factors of 103492274.
2, 51746137
List the prime factors of 52149906.
2, 3, 89, 3617
List the prime factors of 503369485.
5, 100673897
List the prime factors of 19252491.
3, 19, 29, 613
List the prime factors of 3644717177.
1789, 2037293
List the prime factors of 12123979.
7, 43, 47, 857
List the prime factors of 899979749.
37, 24323777
What are the prime factors of 120607156?
2, 149, 202361
List the prime factors of 85693697.
4253, 20149
What are the prime factors of 41978966?
2, 20989483
What are the prime factors of 1301182415?
5, 13, 19, 1053589
What are the prime factors of 1682299818?
2, 3, 53, 1763417
List the prime factors of 300280763.
311, 965533
List the prime factors of 20786326.
2, 11, 944833
What are the prime factors of 6815198772?
2, 3, 7433, 25469
What are the prime factors of 11784296?
2, 71, 20747
What are the prime factors of 6062790911?
1021, 5938091
List the prime factors of 167048342.
2, 19, 1039, 4231
What are the prime factors of 530129790?
2, 3, 5, 163, 36137
List the prime factors of 1214672130.
2, 3, 5, 7, 739, 2609
List the prime factors of 68305205.
5, 157, 87013
What are the prime factors of 41261528?
2, 7, 11, 1367
What are the prime factors of 722127909?
3, 240709303
List the prime factors of 1417950466.
2, 708975233
List the prime factors of 8290180.
2, 5, 163, 2543
What are the prime factors of 43728385?
5, 8745677
What are the prime factors of 93169394?
2, 107, 435371
What are the prime factors of 397812002?
2, 7, 17, 23, 72673
List the prime factors of 505123590.
2, 3, 5, 16837453
What are the prime factors of 269387070?
2, 3, 5, 8979569
List the prime factors of 293581157.
167, 1757971
What are the prime factors of 708827995?
5, 241, 588239
List the prime factors of 1980037391.
1980037391
What are the prime factors of 175482934?
2, 11, 37, 193, 1117
What are the prime factors of 67246879?
7, 9606697
What are the prime factors of 1889681331?
3, 163, 337, 11467
What are the prime factors of 3037593829?
3037593829
List the prime factors of 4852227335.
5, 970445467
List the prime factors of 188315712.
2, 3, 13, 83, 101
What are the prime factors of 576710934?
2, 3, 37, 109, 23833
List the prime factors of 15951054.
2, 3, 7, 379787
List the prime factors of 244070499.
3, 41, 1153, 1721
What are the prime factors of 562517049?
3, 23, 73, 181, 617
What are the prime factors of 100553314?
2, 50276657
List the prime factors of 1184973349.
7, 41, 4128827
What are the prime factors of 58442319?
3, 13, 499507
List the prime factors of 704428841.
31, 97, 317, 739
What are the prime factors of 87398395?
5, 7, 2497097
What are the prime factors of 1063245372?
2, 3, 7, 59, 61, 3517
What are the prime factors of 406946590?
2, 5, 23, 1769333
List the prime factors of 1835867713.
1835867713
What are the prime factors of 54761660?
2, 5, 151, 18133
What are the prime factors of 6361065451?
13, 103, 4750609
What are the prime factors of 254102056?
2, 13, 67, 36467
What are the prime factors of 489638972?
2, 122409743
List the prime factors of 4432306246.
2, 773, 2866951
List the prime factors of 7900149.
3, 347, 7589
What are the prime factors of 139196274?
2, 3, 7, 347, 9551
What are the prime factors of 660613495?
5, 491, 269089
List the prime factors of 101107395.
3, 5, 2246831
List the prime factors of 567896277.
3, 13, 691, 1621
List the prime factors of 5632227629.
7, 114943421
List the prime factors of 20654947.
3187, 6481
List the prime factors of 2052633648.
2, 3, 13, 577, 5701
What are the prime factors of 125977374?
2, 3, 1069, 6547
List the prime factors of 85741000.
2, 5, 179, 479
What are the prime factors of 695457959?
7, 99351137
What are the prime factors of 1198061300?
2, 5, 11980613
List the prime factors of 162150210.
2, 3, 5, 1801669
What are the prime factors of 77482870?
2, 5, 7748287
What are the prime factors of 5748471?
3, 638719
List the prime factors of 1418096036.
2, 7, 61, 830267
What are the prime factors of 1264765750?
2, 5, 5059063
What are the prime factors of 2149749440?
2, 5, 359, 18713
List the prime factors of 202248947.
67, 151, 19991
List the prime factors of 24233718.
2, 3, 4038953
What are the prime factors of 3766261?
3766261
List the prime factors of 3405039389.
1319, 2581531
List the prime factors of 3836328550.
2, 5, 193, 397547
List the prime factors of 840568842.
2, 3, 17, 2746957
List the prime factors of 882533182.
2, 163, 353, 7669
List the prime factors of 51983077.
51983077
List the prime factors of 6850202133.
3, 10607, 215273
List the prime factors of 1416863194.
2, 1087, 651731
List the prime factors of 44